 o be (-1 - 1*2)*-1. Let a = r - o. Give i(a).
-7
Suppose 0 = 5*m - 19 + 4. Suppose m*t - 4 = 2. Let a(i) = -i**2 + 4*i - 2. Give a(t).
2
Let w = 13 - 5. Let j(v) = 13*v**2 + 15*v**2 - w*v - 29*v**2 + v. Determine j(-4).
12
Let w be (3 + 0 + -2)/(-1). Let d = 18 - 12. Let r = d + w. Let i(k) = k**3 - 6*k**2 + 6*k + 2. What is i(r)?
7
Suppose 2*f + 0*f - 6 = 0. Let v(q) = -2*q. Determine v(f).
-6
Let l(q) = 5 - 2*q**2 + q**2 - 5*q - 2. Give l(-4).
7
Let t(c) = -14*c - 1. Let m be 2/(-6) + 18/(-27). Determine t(m).
13
Let a(q) = q - 1. Let d(k) = -1. Let u(p) = 3*a(p) - 2*d(p). Let g(v) = -1. Let n(y) = -g(y) + u(y). Let b be (-2)/(-5)*(-3 + -2). Calculate n(b).
-6
Suppose 0*f - 3*f = -15. Suppose -r - f = 5*h, -h = -4*r + 3*h + 28. Let z(p) = p**2 + r*p + 1 + 0 + 0*p**2. Determine z(-5).
1
Let u(w) be the second derivative of w**5/20 - w**4/4 + w**3/6 + w**2/2 - w. Suppose z - 9 = -7. Determine u(z).
-1
Let c(i) = i - 6. Let l be c(11). Suppose -x = -3*f - l + 15, 4*f + x = 25. Let a(j) = j + 1. Give a(f).
6
Suppose -3*u + 9 = 3*i, -3*i = 2*i - 3*u - 7. Let r(c) = -5 - c - i*c + 3*c - c. Calculate r(4).
-9
Let f(y) = -y - 5. Let r(l) = 6*l - 51. Let g be r(8). Determine f(g).
-2
Let i(q) = q**2 + q + 1. Let v(u) = -u**3 + 9*u**2 - 6*u + 7. Let o(n) = i(n) - v(n). Calculate o(7).
-6
Let h(o) be the third derivative of o**3 + 0 + 0*o - o**2 - 1/12*o**4. Let u(i) = i**3 + 6*i**2 - 7*i + 5. Let m be u(-7). What is h(m)?
-4
Let i(v) = 6. Let z(u) = 3*u - 14. Let d(a) = -5*a + 21. Let h(r) = -5*d(r) - 8*z(r). Let g(f) = -3*h(f) + 4*i(f). What is g(3)?
-6
Let n(b) = -6*b**2 - 9*b - 4. Let x(g) = 7*g**2 + 10*g + 5. Suppose 5*r = 2*h - 27, 3*r - 5*h = 2*r - 10. Let j(f) = r*x(f) - 6*n(f). Determine j(-3).
-4
Suppose -8 - 22 = 5*l. Let v(w) = -w**2 - 4*w + 8 + 0 - 5. Determine v(l).
-9
Let u(y) = y**2 - 10*y + 3. Let v be 78/8 + (132/16)/(-11). Determine u(v).
-6
Let k(z) = -z**3 + z**2 + z - 10. Let r = -6 - -6. Suppose r = -2*s + 4*g - 16, -4*s + 2*g + 3 = 11. Determine k(s).
-10
Suppose 23 = 4*v - 1. Let m(f) = -f**2 + 6*f + 4. Let q be m(v). Suppose q*x - x + 3 = 0. Let g(i) = -2*i - 1. Determine g(x).
1
Let r be -2 + 8 + 2 + -2. Let a(s) = -2*s**2 + 10*s - 7. Calculate a(r).
-19
Let n = 3 - 5. Suppose 3*l - 4*q = 22, 2*l + 2*l + 5*q = -12. Let t(g) = l*g - g - 3 + 0 + 4. Calculate t(n).
-1
Let c(t) = 3*t**3 + 28*t**2 + 9*t - 6. Let k be c(-9). Let l(y) = y**2 + 2*y - 7. Determine l(k).
17
Let q(t) be the first derivative of -2*t**4 + t**3/3 + t**2/2 - t + 2. Let g(k) = -k**2 + 7*k - 5. Let z be g(6). What is q(z)?
-7
Let o = -1 + 2. Let i(h) = h**2 - h + 1. Let d(f) = f**3 + 8*f**2 - 9*f + 1. Let g be d(-9). Let v(b) = -6*b**2. Let z(a) = g*i(a) + v(a). Calculate z(o).
-5
Let x(w) = w**2 - 7*w + 5. Let k be (-1)/(1 + (-1)/2). Let j(y) = y**2 - 7*y + 6. Let t(f) = k*j(f) + 3*x(f). Determine t(6).
-3
Let i(l) = 2*l**2 + 2*l - 1. Let k be -1 - (3 - 6 - -4). Let z be (0 + 2)*k/(-2). Suppose 1 = 3*c - z. Calculate i(c).
3
Let s = -10 - -22. Suppose -2*m + 10 = -s. Let v = -16 + m. Let f(t) = -t**2 - 3*t + 4. Calculate f(v).
-6
Let q be ((-24)/9)/((-4)/6). Suppose -4*i + 2*i = -4. Suppose q*r = i*r - 10. Let n(p) = p + 11. Give n(r).
6
Let u(w) be the third derivative of -w**5/60 - w**4/8 - w**3/6 + 6*w**2. Let z = 0 - 2. Determine u(z).
1
Let w(f) = -9*f**2 + 4*f. Let d(m) be the first derivative of 10*m**3/3 - 3*m**2/2 - 3. Let j(a) = 3*d(a) + 2*w(a). Determine j(1).
11
Let q(j) = -3*j**2 - 7*j + 8. Let x(y) = 4*y**2 + 10*y - 12. Let b = 16 + 0. Let r = 9 - b. Let g(a) = r*q(a) - 5*x(a). Give g(0).
4
Suppose -3*w + 6*w = 0. Let c(z) be the third derivative of -z**6/120 - z**5/60 + z**4/24 - z**3/6 + 44*z**2 - 2. What is c(w)?
-1
Let k(y) = -y - 2. Suppose -g = -2*b - 3, 3*b = 2*g + 2*b - 9. Give k(g).
-7
Let i = -40 + 36. Let z(j) = -j**2 - 2*j + 4. Determine z(i).
-4
Let l be 3/(5/((-30)/(-9))). Suppose -2*i = l*i. Let y(s) = s**3 - s**2. Calculate y(i).
0
Let c(v) = -v**3 - 5*v**2 - 2*v. Let g = -37 + 32. Determine c(g).
10
Let t(b) = b**2 + 8*b - 3. Let l(w) = w. Let s(u) = 6*l(u) - t(u). Give s(-5).
-12
Let f(w) = -w**3 - w**2 + w + 1. Let v be 0 + 0 - (-2 - 1). Suppose -v*n = n. Give f(n).
1
Suppose 2*d + 2 = 8. Let j(b) = b - b - d + 0 - b**2. What is j(0)?
-3
Let t be (-1)/(-4) + 4/(-16). Let a(u) = u. What is a(t)?
0
Let m(g) = 14*g**2 + 14*g + 20. Let b(x) = 5*x**2 + 5*x + 7. Let o(s) = 17*b(s) - 6*m(s). Calculate o(-2).
1
Suppose -2*u - 2 = -u, -3*b = 5*u + 4. Let z(f) = 3*f - 3*f - b*f**2. Calculate z(1).
-2
Let c = 19 + -9. Let j be (-24)/c + (-10)/(-25). Let s(u) = -4*u. What is s(j)?
8
Let u(i) = i - 2. Let w be u(4). Let m = -2 + w. Let r(h) = h**3 - h + 9. Let j(c) = -3*c**3 + 3*c - 19. Let t(y) = -2*j(y) - 5*r(y). Determine t(m).
-7
Let l = -6 + 7. Let j(v) = l - v + 0 - 5. Give j(-5).
1
Let o = 1 + -4. Let y(w) be the first derivative of -w**4/12 - w**3/2 + 2*w**2 + 3*w + 3. Let g(k) be the first derivative of y(k). Calculate g(o).
4
Let i(u) be the first derivative of 5*u**2/2 - 2*u - 2. Let m(a) = -14*a + 5. Let q(c) = 11*i(c) + 4*m(c). Calculate q(3).
-5
Suppose 0 = -4*y + n - 8, 4*y - 2*n + 4 = -0. Let m(k) = 5*k**2 - 3 - k - k**2 + 0*k**2 - 1 + k**3. Give m(y).
8
Let r(u) = -u**2 - 3*u - 2. Suppose 0 = -2*j - 4*c, -j - 4 = c - 3. Determine r(j).
0
Let p(k) = -k**3 - 6*k**2 + 4. Suppose -5 = 4*d - 13. Suppose 2*r + 14 = d. Determine p(r).
4
Let i(y) be the third derivative of -y**8/6720 - y**7/630 + y**6/144 + y**5/60 - y**4/8 + 3*y**2. Let n(b) be the second derivative of i(b). Determine n(-5).
2
Let i(w) = -w**3 + w**2 + 2*w - 3. Suppose 2*v = -3*b + 9, 4 + 5 = -3*b. Let h = v - 7. What is i(h)?
-3
Let h(k) = k. Suppose 3*f = -0*f + 9. Suppose -2*g - f*g = 15. Determine h(g).
-3
Let d(g) = 86 + 85 + 81 - 251 - 3*g**2. Give d(-1).
-2
Let v(x) = -11*x**3 + 0*x**3 + 6*x**2 + 12*x**3 + 5 + 0*x**3 - 4*x. Give v(-7).
-16
Let a(z) be the third derivative of -z**5/20 - z**4/8 + 2*z**3/3 + 3*z**2. Give a(-3).
-14
Let f(p) = 4 - 12 + 7*p**2 - 5*p**2 + 7 + 10*p**2. Let n be 2/1*(-2)/4. What is f(n)?
11
Let y(j) be the second derivative of -j**5/20 - j**4/12 - 13*j**2/2 + 56*j. Let x(n) = -n**3 + 2*n + 1. Let m be x(-1). Give y(m).
-13
Let c(l) be the first derivative of -1 + 2*l + l**2 + 2/3*l**3. Give c(-2).
6
Let t(h) = -22*h + 4. Let f(g) = 14*g - 3. Let p(r) = -8*f(r) - 5*t(r). Calculate p(-2).
8
Let w = 61 + -60. Let z(c) = c**2 - c - 1. Calculate z(w).
-1
Let j(q) be the third derivative of q**6/120 + q**5/60 + q**4/24 - q**3/6 - 37*q**2. Let n be (-2)/4 + 6/4. Determine j(n).
2
Let q = 2 + -1. Let a(h) = -h + 2*h + 12*h**2 - 10*h**2. Give a(q).
3
Let p be (-1)/(-5) + (-26)/5. Let y(s) be the first derivative of -s**3/3 - 3*s**2/2 + 5*s - 1. Calculate y(p).
-5
Let d = 1 - 2. Let r(u) be the third derivative of -u**5/20 + u**4/24 - 4*u**2. Determine r(d).
-4
Let l = -18 - -31. Let o = -10 + l. Let y(t) = -t**3 + 2*t**2 + t + 3. What is y(o)?
-3
Let c = 6 + -3. Suppose d + c*d - 16 = 0. Let a(j) = 4*j**2 + 3 - 4*j**3 + 2*j**3 + j**3. Give a(d).
3
Let y be -1 - 2*-1 - 4. Let w(f) = f - 7. Let q(l) = l + 32. Let z(b) = -8. Let s(t) = -2*q(t) - 9*z(t). Let v(o) = y*w(o) - 2*s(o). What is v(-5)?
0
Let z(x) be the first derivative of -x**2/2 - 13. Give z(-5).
5
Let x(d) = d + 1. Let k(j) = j**3 - 7*j**2 - 10*j - 11. Let b be k(8). Let t be 4/((-12)/b) + -3. Determine x(t).
7
Suppose 5*n + 15 = 4*d, n - d = 3*d - 19. Let v = n + 2. Let r(l) = -6*l. Let s(o) = -o. Let j(q) = -6*r(q) + 34*s(q). Give j(v).
6
Let s(a) = -9*a - 4 + 8*a + 0 + 5. Determine s(-4).
5
Let m(j) = -4*j + 4 - 2*j + 4*j. Let d(f) = -2*f + 23. Let q be d(10). Calculate m(q).
-2
Let b = 3 + -2. Let k = 1 + b. Let q(o) = -3 + 4 - o**3 - 2*o - 5*o**k + 7*o**2. Give q(1).
0
Let v(h) = h + 2. Let k(d) = -6*d - 17. Let w(a) = k(a) + 5*v(a). Give w(-8).
1
Let c(h) = -h**2 + h - 1. Let x(y) = 5*y**2 + 4. Let v(u) = -6*c(u) - x(u). Calculate v(4).
-6
Let l(x) = -x**2 - 6*x + 2. Suppose 0*c = -c + 4. Let d(w) = 10*w**2 + c + 10*w + 2*w**3 + w**3 - 2*w**3. Let v be d(-9). What is l(v)?
7
Let w = -2 - -5. Let v = w + -1. Suppose 0 = 5*p + 3 + v. Let r(k) = -6*k**3 - k**2 + k + 1. Calculate r(p).
5
Let y(b) = -4*b + 4. Let w(q) = -q + 1. Suppose -3*m - 18 = 3*g + m, 15 = -3*g - 3*m